 remainder when h is divided by y(g).
12
Suppose 5*c = 2*c + 60. Suppose 3*n - c = -n. Let p(s) = 13*s + 5. Calculate the remainder when p(n) is divided by 24.
22
Let i(f) = 11 - 6 + 2*f + 0*f. What is the remainder when 30 is divided by i(3)?
8
Let n = 101 + -97. What is the remainder when 9 is divided by n?
1
Let f = 6 - -1. Calculate the remainder when 25 is divided by f.
4
Let z(k) = -7*k - 11. Let h = -12 + 19. Calculate the remainder when h is divided by z(-2).
1
Suppose -3*x = -4*z - 125, -3*x - 9*z = -7*z - 113. What is the remainder when x is divided by 10?
9
Suppose 3*d = -d + 16. Calculate the remainder when (11/(-3))/(d/(-12)) is divided by 6.
5
Suppose 0 = i - 3*p + 7*p - 12, -5*p + 40 = -5*i. Let z be i - 3/(-2 - 1). Calculate the remainder when 5*z*3/(-15) is divided by 2.
1
Let h(x) = x + 5. Let d be h(-3). Suppose -d*j - 2*l - 2 = 0, 5*j - 3*j + 4*l + 12 = 0. What is the remainder when 12 is divided by j?
0
Let a(s) = s**2 + 5*s - 23. What is the remainder when a(-11) is divided by 9?
7
Suppose 25 = 6*w - w. Suppose -5*l = -2*s + 31, 0 = l - 6*l + w. Suppose 0 = -p + s. What is the remainder when p is divided by 10?
8
Let z = 26 - -3. Suppose 5*r = 5*m + 50, -4*r + m + z = -23. Calculate the remainder when 26 is divided by r.
12
Let g(a) = a**2 + 5*a - 10. Suppose -3*u + 2*j = 4*j + 16, 2*u = -2*j - 8. Calculate the remainder when 27 is divided by g(u).
13
Suppose 10 = 3*u - 20. What is the remainder when 47 is divided by u?
7
Let w(p) = 20*p - 17. Let c = 62 + -34. What is the remainder when w(5) is divided by c?
27
What is the remainder when (-48)/(20/(-5)) + 1*-2 is divided by 3?
1
Let n(y) = y**3 - y**2 - 4*y + 4. Let a(x) = -x**2 + 12*x + 4. Let z be a(12). Suppose z*o - 73 = 3. What is the remainder when n(4) is divided by o?
17
Suppose -8*p - p = 27. Let g = -8 - 1. What is the remainder when 1/p + (-210)/g is divided by 12?
11
Let k be (-4)/(-8) - 26/(-4). What is the remainder when (k - -3)*6/4 is divided by 4?
3
Let s = -344 + 369. Calculate the remainder when s is divided by 4*(4 + -1) + 1.
12
Let w = 15 - 4. Suppose 2*m - 14 = -4*a, 0*a + 2*m = 4*a - 10. What is the remainder when w is divided by a?
2
Let x(z) = -z - 1. Let m be x(-4). Suppose -3*b - m*b + 246 = 0. Calculate the remainder when b is divided by 21.
20
Suppose 0 = -3*t + 27 + 6. Let b = 4 + t. Suppose -3*s - a - 141 = -8*s, -3*s + 4*a + 88 = 0. Calculate the remainder when s is divided by b.
13
Let x(h) = h**3 + 10*h**2 + 6*h - 11. Calculate the remainder when (-2)/3 + 184/6 is divided by x(-9).
14
Suppose -f = 4*m - 64, 4*m - 3*f = 2*f + 88. Calculate the remainder when 29 is divided by m.
12
Let t be 9/3*(-11)/(-3). Suppose -3*b + 1 = -t. Calculate the remainder when b is divided by 3.
1
Let n = -14 + 23. Let c(a) = -a**2 - a. Let t(j) = 7*j**2 + j - 12. Let p(m) = 6*c(m) + t(m). Calculate the remainder when 70 is divided by p(n).
22
Suppose -3*y + 16 = s, -2*s + 4*y = -3 + 1. What is the remainder when 9 is divided by s?
2
Let h = -6 - -39. What is the remainder when h is divided by 7?
5
Let a(f) = 4*f - 19. What is the remainder when 37 is divided by a(8)?
11
Let v(m) = 6*m**2 - m - 2. Let o(x) = x**2 - 5*x - 5. Let a = -12 - -20. Calculate the remainder when v(-3) is divided by o(a).
17
Let m(l) = l**2 - 5*l - 6. Let j be m(6). Suppose 0 = -u + 13 - j. Calculate the remainder when u is divided by 4.
1
Suppose -9*b + 14*b = 170. What is the remainder when b is divided by 14?
6
Suppose -32*q = -23*q - 18. Suppose 2*z - 17 = -5*u, -5*z + 0*z + 28 = -2*u. What is the remainder when z is divided by q?
0
Suppose 4*q - 32 - 100 = 0. Let r = q - 23. What is the remainder when 1 + -2 + (-54)/(-3) is divided by r?
7
Let l = 6 - 4. What is the remainder when (-2)/(-6) - (-203)/21 is divided by ((-1)/(-1))/(l/8)?
2
Let l = -2 - -1. What is the remainder when 26 is divided by (l - 20)*2/(-3)?
12
Let r(m) = 4*m**2 - 9*m - 4. What is the remainder when r(4) is divided by 13?
11
Calculate the remainder when 162 is divided by (-2 - -1)/(3/(-99)).
30
Suppose 3 + 13 = -4*g. Let n(m) = m**2 + 2. Let u be n(g). Suppose 3 = 3*h - 5*k, u = 2*h - h + 4*k. What is the remainder when 16 is divided by h?
4
Calculate the remainder when -10*3*14/(-6) is divided by 12.
10
Let y(w) = w**3 + 5*w**2 - 2*w + 5. Let r(z) = z**3 + 8*z**2 + 3*z - 9. What is the remainder when r(-4) is divided by y(-5)?
13
Let g(t) = t**3 - 4*t**2 - 4*t - 7. Let q be g(5). Suppose -32 = -4*y + z, -y + 4*z + 3 = -5. What is the remainder when (q - 16/(-6))*21 is divided by y?
6
Let d(w) = 4*w**2 - 3*w + 1. Let j = 72 + -45. Calculate the remainder when d(4) is divided by j.
26
Suppose 4*i + 4*p = 1 + 7, 2*i - 4*p - 22 = 0. Suppose 46 = 5*d - 39. Calculate the remainder when d is divided by i.
2
Let v be 14/3 - (-2)/(-3). Suppose -5*h + v*x + 31 = 0, 4*h + 6*x - 3*x = 0. Let l(d) = -3*d - 5. What is the remainder when l(-4) is divided by h?
1
Let b(z) = -z**3 + 17*z**2 + 18*z + 8. Calculate the remainder when 47 is divided by b(18).
7
Let a(m) be the first derivative of -2*m**3/3 + 7*m**2/2 - 5*m + 1. Let q be a(5). What is the remainder when 2 is divided by q/(-12) + (-4)/6?
0
Suppose 0 = 2*k + k - 36. Suppose -5*x + k = -2*x. Suppose x*a + 118 = 6*a. What is the remainder when a is divided by 15?
14
Suppose 5*c - 4*f = -20, 3*f - 4 - 11 = -4*c. Suppose 5*a - 235 = -c*a. Calculate the remainder when a is divided by 16.
15
Let i = 21 - 16. Suppose 3*d = -5*t + 257 + 142, -i*t + 5*d = -375. Calculate the remainder when t is divided by 16.
14
Suppose 5*t = 30 - 10. Let c(v) = v - 1. Let u be c(t). Suppose u*y = -6, -3*j + 0*j + 3*y + 141 = 0. Calculate the remainder when j is divided by 16.
13
Suppose 3*m - m - 142 = 0. Calculate the remainder when m is divided by (-8)/((-4 - -5)/(-3)).
23
Let u = 24 - 4. Let x = -30 + 107. What is the remainder when x is divided by u?
17
Let p = -17 - -28. What is the remainder when p is divided by (-1)/1 - (0 + -5)?
3
Let x = 115 + -12. What is the remainder when x is divided by 26?
25
Let n be 20/(-110) + (-4)/(-22). Let j(k) = -k**2 + 2*k + 24. What is the remainder when j(n) is divided by 9?
6
Suppose -5*q = -6*q + 49. Calculate the remainder when q is divided by 13.
10
What is the remainder when (17 + 1)/((-8)/(-4)) is divided by 6?
3
What is the remainder when (40/(-20))/((-2)/27) is divided by 7?
6
Calculate the remainder when 576/10 - 6 - (-2)/5 is divided by 6.
4
Suppose 8 = 6*x - 2*x. Suppose -2*p - 2*t = 2*t + 4, -18 = 4*p - x*t. Let n(q) = -3*q + 5. What is the remainder when 50 is divided by n(p)?
16
Let z = 131 + -81. Let k = 12 + 1. Calculate the remainder when z is divided by k.
11
Let u be -7*(3 - 4 - 0). Suppose -1 = -4*o + u. Let c = 0 + o. Calculate the remainder when 4 is divided by c.
0
Suppose 0 = -0*d - 4*d - 12. What is the remainder when (d/6)/((-2)/100) is divided by 13?
12
Let w(c) = c**2 - 7*c + 1. What is the remainder when 56 is divided by w(9)?
18
Let x(p) = -8*p + 3. Suppose 8*c - 3*c - 42 = -2*q, -q - 5*c + 31 = 0. What is the remainder when x(-2) is divided by q?
8
Let f = 8 + 8. Let a = 18 - f. Calculate the remainder when 6 is divided by a.
0
Suppose -m - k = 0, -2*m - 35 = -7*m + 2*k. Suppose -3*z + m = -4. Calculate the remainder when z is divided by 2.
1
Let k(b) = -b - 1. Let v(s) = -14*s - 6. Let z(d) = -3*k(d) + v(d). Calculate the remainder when z(-2) is divided by (-1 + -5*2)*-1.
8
Let w(h) = 2*h**2 + 3*h - 4. Suppose 11*t - 15 = 6*t. Calculate the remainder when w(-6) is divided by 39/2*4/t.
24
Let s(o) = -o**2 - 11*o + 3. Calculate the remainder when 123 is divided by s(-7).
30
Let f be 13 - (-3 + -1 - -2). What is the remainder when 7 is divided by (6/7)/(f/70)?
3
Let t(x) = -x + 24. Let w be t(11). Let b(j) = 4*j**3 + j**2 - j - 1. Let a be b(-1). Let n = a + w. What is the remainder when 29 is divided by n?
9
Let n(a) = 5*a - 16. Calculate the remainder when n(19) is divided by 17.
11
Suppose 5*q - 3*q - 36 = 0. What is the remainder when 33 is divided by 3/3 + q - 2?
16
Let a be (15 - 2)/1 - 1. What is the remainder when 40 is divided by (4/a)/((-2)/(-84))?
12
Let b = -4 + 15. Calculate the remainder when 19 is divided by b.
8
Let v = 211 - 175. What is the remainder when v is divided by 13?
10
Suppose -2*m - d + 3